(l) = 16*l**2 + 338*l - 345. Give h(-22).
-37
Let y(l) = 118*l + 1317. Calculate y(-5).
727
Let k(s) = 226*s - 669. Calculate k(3).
9
Let n(x) = x**3 - 22*x**2 - 138*x + 889. What is n(32)?
6713
Let y(v) = -v**3 - 101*v**2 + 93*v - 600. Determine y(-102).
318
Let z(q) = 6*q**2 - 87*q - 2753. Give z(-23).
2422
Let r(z) = 2*z**2 + 10*z - 6783. Determine r(52).
-855
Let q(y) = 18*y**2 + 45*y. Calculate q(2).
162
Let j(o) = -o**2 - 193*o - 5857. Calculate j(-38).
33
Let y(n) = n**2 + 12176*n - 109511. Calculate y(9).
154
Let r(a) = 3*a**3 - 14*a**2 + 6168*a - 6162. What is r(1)?
-5
Let m(q) = 802*q + 449747. Determine m(-561).
-175
Let n(i) = -82*i**2 + 201*i - 433. Give n(4).
-941
Let z(m) = -m**2 - 10010*m + 110253. Calculate z(11).
22
Let p(h) = 15*h**2 + 288*h + 876. Give p(-3).
147
Let o(f) = -7545*f - 3500901. Determine o(-464).
-21
Let r(g) = -g**3 + 47*g**2 - 413*g - 245. Give r(13).
132
Let n(f) = 23275*f - 232751. What is n(10)?
-1
Let k(v) = 6*v**3 - 75*v**2 - 149*v + 106. Calculate k(15).
1246
Let l(y) = -134593*y + 1211316. Calculate l(9).
-21
Let g(m) = -m**3 - 12*m**2 + 93*m - 800. Calculate g(-19).
-40
Let m(n) = n**2 + 781*n + 10730. Determine m(-767).
-8
Let v(o) = -60*o**2 - 1077*o + 43. Calculate v(-18).
-11
Let t(d) = d**3 - 67*d**2 - 191*d + 13147. Determine t(67).
350
Let f(w) = 5*w**2 - 4874*w + 53001. What is f(11)?
-8
Let o(a) = a**3 - 5*a**2 + 518*a + 2978. What is o(-6)?
-526
Let c(b) = 66*b**2 + 465*b - 11316. Give c(10).
-66
Let o(m) = -m**3 - 97*m**2 - 2145*m + 878. Calculate o(-35).
3
Let p(a) = a**2 - 12888*a - 154835. Calculate p(-12).
-35
Let w(z) = -1379*z + 313128. Determine w(227).
95
Let m(h) = -76*h**2 + 22315*h + 8519. What is m(294)?
-7
Let k(d) = 611*d**2 + 14663*d - 29. Give k(-24).
-5
Let r(m) = -m**3 + 9*m**2 - 1598*m + 9462. Determine r(6).
-18
Let l(b) = 1039484*b + 14552770. Calculate l(-14).
-6
Let x(r) = -4*r**2 - 272*r + 11256. Determine x(29).
4
Let q(n) = -16*n**3 - 28*n**2 - 4*n - 10. Give q(0).
-10
Let a(x) = -270*x**2 - 739*x + 2. Determine a(-3).
-211
Let r(d) = -12*d**2 - 2006*d - 9685. What is r(-5)?
45
Let p(j) = 5384*j + 269005. What is p(-50)?
-195
Let d(o) = 10*o**3 + 17*o**2 + 64*o + 207. Calculate d(-4).
-417
Let h(z) = -41*z + 3348. What is h(78)?
150
Let w(y) = -2*y**3 - 183*y**2 - 152*y - 22422. Calculate w(-92).
26
Let w(l) = -l + 847. Give w(-26).
873
Let o(r) = 115*r**2 + 42267*r - 19469. Give o(-368).
35
Let p(g) = -39*g**2 + 1179*g - 424. Calculate p(29).
968
Let s(j) = -130*j**2 - 250*j + 518. Give s(2).
-502
Let c(d) = 9*d**3 + 49*d**2 - 42*d - 138. Give c(-4).
238
Let o(h) = 22*h**2 + 37*h + 315. Determine o(0).
315
Let o(m) = 3*m**3 - 140*m**2 + 203*m - 841. Give o(45).
-1831
Let y(r) = 10*r**2 - 54*r + 81. What is y(12)?
873
Let q(f) = 23680*f - 923436. Determine q(39).
84
Let x(l) = -293*l**3 - 530*l**2 + 100*l - 21. What is x(-2)?
3
Let p(j) = 3*j**2 + 6121*j + 121217. Give p(-20).
-3
Let t(b) = 1313*b - 2366. Determine t(2).
260
Let q(z) = -14*z**3 - 511*z + 510. Determine q(1).
-15
Let r(c) = 924602*c - 2773802. Determine r(3).
4
Let a(n) = -1014*n + 120599. Calculate a(119).
-67
Let g(i) = 69426*i + 1735592. Calculate g(-25).
-58
Let i(w) = 20*w**2 - 161260*w + 2092995. Determine i(13).
-5
Let s(k) = k**3 - 186*k**2 - 1755*k + 41. Give s(195).
41
Let d(g) = -67822*g + 406946. Give d(6).
14
Let c(p) = -1192*p - 52551. Give c(-44).
-103
Let q(c) = 2*c**2 + 1100*c - 103641. Give q(-632).
7
Let m(a) = -2*a**2 - 1311*a - 179022. Give m(-194).
40
Let w(j) = j**3 - 132*j**2 + 4265*j + 254. Determine w(75).
-496
Let h(i) = -2*i**2 + 101*i + 20077. What is h(-78)?
31
Let c(b) = -4*b**3 + 1221*b**2 - 277*b - 8496. Calculate c(305).
44
Let o(l) = -4*l**2 - 1896*l - 49946. Determine o(-446).
6
Let r(h) = -3*h**2 - 158*h - 3195. What is r(-43)?
-1948
Let t(i) = 42*i**2 - 1995*i + 143. Calculate t(46).
-2755
Let x(h) = h**2 + 321*h + 22062. What is x(-223)?
208
Let c(h) = 5138*h - 35626. What is c(7)?
340
Let r(q) = -14215*q - 7932015. Give r(-558).
-45
Let l(d) = -3*d**2 + 50*d - 1231. What is l(16)?
-1199
Let i(o) = 319*o**3 - 14984*o**2 - 423*o - 17. Give i(47).
-17
Let u(s) = -s**3 - 226*s**2 + 802*s + 78907. Give u(-228).
19
Let a(f) = -1386*f + 9732. Calculate a(4).
4188
Let l(t) = -t**3 + 37*t**2 + 1300*t + 32. Calculate l(-22).
-12
Let u(x) = -x**2 + 16520*x + 198367. What is u(-12)?
-17
Let n(g) = 5*g**2 + 1142*g + 1597. Calculate n(-227).
8
Let q(g) = 4*g**3 - 823*g**2 - 210*g + 510. Give q(206).
-314
Let i(k) = k**3 + 56*k**2 - 644*k + 160. Give i(-66).
-896
Let r(s) = -4*s**2 + 2980*s - 55284. Give r(19).
-108
Let d(p) = -6*p**2 - 4929*p + 14825. Calculate d(3).
-16
Let t(c) = 4769*c + 2217583. Give t(-465).
-2
Let o(s) = 22643*s - 294338. What is o(13)?
21
Let j(n) = 50*n - 4500. What is j(90)?
0
Let y(i) = -2*i**2 + 40453*i + 66. What is y(0)?
66
Let s(k) = 3*k**3 - 710*k**2 - 219*k - 4305. Determine s(237).
-39
Let d(v) = v**3 - 139*v**2 - 15841*v + 77383. Calculate d(212).
3
Let h(c) = 4*c**3 - 386*c**2 - 20440*c + 120. Give h(-38).
-32
Let p(s) = 2*s**3 - 878*s**2 + 38216*s + 195. Give p(49).
-1
Let h(g) = -45*g**2 - 30*g - 11. Calculate h(-5).
-986
Let a(f) = 33*f**3 - 2*f**2 - 123*f + 124. Determine a(1).
32
Let n(a) = -1379*a + 5958. What is n(4)?
442
Let c(b) = -b**3 + 154*b**2 + 2999*b - 69. Give c(-17).
-1633
Let j(r) = r**3 - 49*r**2 + 693*r - 3049. Give j(28).
-109
Let k(o) = 3401*o - 7002. Give k(2).
-200
Let z(g) = -868*g + 127597. What is z(147)?
1
Let l(i) = 195347*i + 390727. Give l(-2).
33
Let g(x) = 138*x**2 - 65*x + 88. What is g(3)?
1135
Let s(m) = 14080*m - 1309442. What is s(93)?
-2
Let d(q) = -337*q**2 + 2351*q + 59. Calculate d(7).
3
Let l(p) = -p**3 - 2*p**2 + 159*p + 309. Determine l(-2).
-9
Let f(k) = -k**3 - 25*k**2 + 24*k + 589. Determine f(-25).
-11
Let y(o) = -9*o**3 - 2*o**2 + 120*o - 653. Give y(6).
-1949
Let g(l) = 3*l**2 - 18*l + 104. Give g(14).
440
Let f(b) = 93408*b - 93693. Give f(1).
-285
Let p(y) = 1093*y + 12983. Give p(-12).
-133
Let n(p) = 2*p**3 - 16*p**2 + 13*p - 44. Give n(9).
235
Let a(g) = -164*g + 1444. Determine a(10).
-196
Let z(p) = -p**2 + 129*p + 11107. Give z(191).
-735
Let a(h) = 5714*h + 102914. What is a(-18)?
62
Let w(j) = 1060688*j + 24395833. Calculate w(-23).
9
Let x(b) = -b**2 + 16026*b - 2632741. Give x(166).
19
Let o(x) = -6*x**3 - 87*x**2 - 55*x + 20. Give o(-13).
-786
Let q(b) = -3*b**2 - 548*b - 14349. Determine q(-151).
-4
Let v(g) = -g**3 - 12*g**2 + 11651*g + 2549. Determine v(-114).
-73
Let i(s) = 4*s**3 + 66*s**2 - 61*s + 304. Give i(-19).
-2147
Let a(h) = h**3 + 45*h**2 - 56*h - 451. Give a(-46).
9
Let p(z) = -2*z**2 - 17687*z + 3395806. Give p(188).
-38
Let v(s) = -15*s**3 + 136*s**2 + 32*s - 346. Give v(9).
23
Let n(l) = 18592*l - 1543141. What is n(83)?
-5
Let q(p) = 3457*p + 23792. Calculate q(-7).
-407
Let t(n) = -7837*n + 39247. Determine t(5).
62
Let u(h) = h**2 + 456*h - 917. Calculate u(-458).
-1
Let h(r) = 3*r**2 - 267*r + 4762. Determine h(23).
208
Let q(t) = 10*t**3 + 263*t**2 + 975*t + 631. Give q(-22).
-7
Let m(o) = -896*o + 793699. Give m(886).
-157
Let y(q) = 31120*q - 2022816. Calculate y(65).
-16
Let q(j) = -164*j**2 - 1007*j - 3038. Give q(-3).
-1493
Let o(k) = -3117*k - 19461. Calculate o(-7).
2358
Let h(j) = -j**3 - 10*j**2 + 258*j - 850. Calculate h(9).
-67
Let j(i) = 13*i**3 + 128*i**2 + 219*i - 18. Calculate j(-7).
262
Let j(b) = 414*b - 161615. What is j(390)?
-155
Let u(m) = -185*m + 7149. Determine u(0).
7149
Let r(j) = -23649*j + 165536. Calculate r(7).
-7
Let c(t) = -t**3 + 45*t**2 - 275*t - 454. Determine c(9).
-13
Let l(s) = 278*s + 779. Calculate l(-5).
-611
Let y(r) = r**2 - 13*r - 2965. Give y(-48).
-37
Let v(u) = 3*u**3 + 207*u**2 + 196*u + 1. Calculate v(-68).
545
Let g(w) = w**3 + 22*w**2 + 96*w - 152. What is g(-15)?
-17
Let f(p) = 5*p**2 + 480*p - 15007. Calculate f(-121).
118
Let y(b) = -27761*b + 1221471. Calculate y(44).
-13
Let j(x) = x**2 - 16593*x - 299143. Give j(-18).
-145
Let y(v) = -132670*v + 4776113. Calculate y(36).
-7
Let t(x) = 10*x**2 - 441*x + 1225. Determine t(2).
383
Let c(g) = 19*g**2 + 442*g - 16. Determine c(-22).
-544
Let r(p) = -p**3 + 234*p**2 + 565*p + 36265. Give r(237).
1663
Let x(p) = p**3 + 115*p**2 + 107*p + 11782. Gi